{"id":169,"date":"2021-07-07T17:23:21","date_gmt":"2021-07-07T15:23:21","guid":{"rendered":"https:\/\/www.myrecycledcontent.be\/?page_id=169"},"modified":"2025-11-05T17:20:13","modified_gmt":"2025-11-05T16:20:13","slug":"a-propos","status":"publish","type":"page","link":"https:\/\/www.myrecycledcontent.be\/fr\/a-propos\/","title":{"rendered":"A propos de cette initiative"},"content":{"rendered":"<p>Cette plateforme est une initiative de <a href=\"https:\/\/www.valipac.be\/\" target=\"_blank\" rel=\"noopener\">Valipac<\/a> dont la mission de base consiste \u00e0 apporter une r\u00e9ponse collective \u00e0 la Responsabilit\u00e9 Elargie du Producteur pour les emballages industriels.<\/p>\n","protected":false},"excerpt":{"rendered":"<p>Cette plateforme est une initiative de Valipac dont la mission de base consiste \u00e0 apporter une r\u00e9ponse collective \u00e0 la [&hellip;]<\/p>\n","protected":false},"author":1,"featured_media":0,"parent":0,"menu_order":0,"comment_status":"closed","ping_status":"closed","template":"","meta":{"_acf_changed":false,"footnotes":""},"class_list":["post-169","page","type-page","status-publish","hentry"],"acf":[],"_links":{"self":[{"href":"https:\/\/www.myrecycledcontent.be\/fr\/wp-json\/wp\/v2\/pages\/169","targetHints":{"allow":["GET"]}}],"collection":[{"href":"https:\/\/www.myrecycledcontent.be\/fr\/wp-json\/wp\/v2\/pages"}],"about":[{"href":"https:\/\/www.myrecycledcontent.be\/fr\/wp-json\/wp\/v2\/types\/page"}],"author":[{"embeddable":true,"href":"https:\/\/www.myrecycledcontent.be\/fr\/wp-json\/wp\/v2\/users\/1"}],"replies":[{"embeddable":true,"href":"https:\/\/www.myrecycledcontent.be\/fr\/wp-json\/wp\/v2\/comments?post=169"}],"version-history":[{"count":10,"href":"https:\/\/www.myrecycledcontent.be\/fr\/wp-json\/wp\/v2\/pages\/169\/revisions"}],"predecessor-version":[{"id":4787,"href":"https:\/\/www.myrecycledcontent.be\/fr\/wp-json\/wp\/v2\/pages\/169\/revisions\/4787"}],"wp:attachment":[{"href":"https:\/\/www.myrecycledcontent.be\/fr\/wp-json\/wp\/v2\/media?parent=169"}],"curies":[{"name":"wp","href":"https:\/\/api.w.org\/{rel}","templated":true}]}}

<p>Cette plateforme est une initiative de <a href="https://www.valipac.be/" target="_blank" rel="noopener">Valipac</a> dont la mission de base consiste à apporter une réponse collective à la Responsabilité Elargie du Producteur pour les emballages industriels.</p>

<p>Cette plateforme est une initiative de Valipac dont la mission de base consiste à apporter une réponse collective à la [&hellip;]</p>
